(1 - -6) + (18 - 21). Suppose 2*a + 5*g = -3*a + 5, x*g - 2 = -3*a. Suppose -3*n = -b - 95, n = -a*b + b + 33. What are the prime factors of n?
2
Let v be 18/81 + 1235/(-9). Let j = -144 - v. Let f(t) = -2*t**3 - 9*t**2 - t - 4. What are the prime factors of f(j)?
2, 31
Let w be ((12/2)/12)/(1/6). Suppose 2*x - 2778 = 4*t - 10110, 2*t + w*x = 3674. What are the prime factors of t?
2, 7, 131
Let n be 3 + (-3 - (-9)/3). Let y(i) = 41*i - 3. Let d be y(n). Let m = d + -59. What are the prime factors of m?
61
Let v(c) = c**2 + 6*c - 33. Let w be v(-10). Suppose w - 1 = 3*h. What are the prime factors of (-2)/(-4)*(-496)/((-8)/h)?
2, 31
Let n be 34534/30 - 14/105. Suppose -3*v - 1170 = -4*c + n, -3*c + 1767 = 3*v. List the prime factors of c.
2, 73
Let j(w) = 10*w**2 - 23*w - 162. What are the prime factors of j(-44)?
2, 5, 43, 47
Suppose 5*m - 2*w + w = -2, -w + 2 = m. Suppose 30 = 10*q - m*q. Suppose 267 = 3*j + 5*a, -5*j + 2*a = -q*j - 162. What are the prime factors of j?
2, 3, 7
Let p(o) = o**3 + 11*o**2 - 12*o - 4. Let n be p(-12). Let j be n*(3 + (-20)/((-8)/(-2))). Suppose -j*t + 137 = -511. What are the prime factors of t?
3
Suppose 0 = -5*a + 3*g + 1020, -124 + 1144 = 5*a - g. Suppose -2*n + a = 3*s, 3*n - 134 = -2*s - 3. List the prime factors of s.
2, 5, 7
Let q(o) = o**3 + 4*o**2 + 3*o + 6. Let u be q(-2). Let f be (272/64)/(1/u). Suppose -3*p + f = -110. List the prime factors of p.
2, 3
Let o = 276 - 273. Suppose -v = o*w - 308 - 367, -4*v - 2*w = -2720. What are the prime factors of v?
3, 227
Let o(s) be the third derivative of s**6/60 - s**5/12 + 5*s**4/12 + 3*s**3 - 24*s**2 - 2. List the prime factors of o(5).
193
Suppose -1211 = 108*o - 101*o. List the prime factors of ((-519)/o)/(3/31 + 0).
31
Let f(b) = 47*b**3 - 178*b**3 - 36*b**3 - 154*b**2 + 2 - 151*b**2 + 303*b**2. Let x(d) = -d - 7. Let w be x(-6). List the prime factors of f(w).
167
Let t(n) = -25*n + 25. Let m = -184 - -182. What are the prime factors of t(m)?
3, 5
Let t(o) = -6*o**3 + 9*o**2 + 3*o + 6. Let b be (5/4)/(1/(-4)). Let l be t(b). Suppose -4*z + 959 = -0*z - 5*f, l = 4*z + 2*f. List the prime factors of z.
241
Let d = -569 - -571. Suppose 13*v + d*k + 1536 = 14*v, v - 1540 = k. What are the prime factors of v?
2, 193
Suppose 2*a = 6, x + 18 = -a - 9. Let g be 40/x - 28/(-3). Suppose -212 = -l - 5*j, 5*l = -g*j + 3*j + 1120. List the prime factors of l.
227
Let w = 250 + -256. What are the prime factors of 425 + 2 + 7/21*w?
5, 17
Let i(y) = -7*y**3 + 4*y**2 + 7*y. Let s be i(-4). Suppose -s = -v + 4*r, 617 + 835 = 3*v + r. Let u = v + -282. What are the prime factors of u?
2, 101
Let y = 7022 - 7127. Let g be 2 + (-1 - 0) - 0. Let c = g - y. What are the prime factors of c?
2, 53
Let u(a) = -38*a + 228. Let h be u(6). Let m(n) = 2*n**2 + 4*n + 282. List the prime factors of m(h).
2, 3, 47
What are the prime factors of ((-4)/(-6))/((-364)/(-14742))?
3
Suppose -3*v = -2*v - 38. Let p = 36 - v. Let i(g) = -22*g + 6. List the prime factors of i(p).
2, 5
Suppose 183*q - 189820 = 173*q. List the prime factors of q.
2, 9491
Let l = 10735 - 4729. Suppose 0 = 18*a - 5*a - l. What are the prime factors of a?
2, 3, 7, 11
Let j be (-36)/24 + (2 - 1/2). Suppose 2*z - 50 = 2*p, 4*z + j*z - 2*p - 98 = 0. What are the prime factors of z/(-120) - 206/(-5)?
41
Let v(a) = 17*a + 14. Let f be v(10). Let k = -91 + -40. Let z = f + k. List the prime factors of z.
53
Let f = 14 - -27. Suppose -9850 = -f*y + 16*y. List the prime factors of y.
2, 197
Let u(t) be the third derivative of -t**6/60 - 7*t**5/60 - t**4/24 + 2*t**2 - 23. What are the prime factors of u(-6)?
2, 3, 31
Let z(p) = p**2 - 3*p + 5. Let o be z(3). Suppose -15 = -o*r - n, -4*r + 2 = -3*n + 9. What are the prime factors of (1 - r)*(-16 + 15/(-5))?
19
Let i(d) = 331*d + 16404. List the prime factors of i(-8).
2, 19, 181
Suppose -15*v + 3343 + 53147 = 0. What are the prime factors of v?
2, 7, 269
Let q be (-2 + 9/6)*-20. Let p(j) = -4 - q + 7*j - 7. List the prime factors of p(11).
2, 7
Let u(j) = 1757*j - 1669. List the prime factors of u(6).
19, 467
Let u be ((-609)/28)/(18/(-120)). Let r = u + 191. List the prime factors of r.
2, 3, 7
Suppose -26*c = -4*l - 28*c + 43712, 3*l = -c + 32782. List the prime factors of l.
2, 3, 607
Suppose 55*j = 1215 + 3295. Let u be (-382 - -1)/(24/(-16)). Let d = u - j. List the prime factors of d.
2, 43
Suppose 8*f - 30*f + 9*f = -196846. What are the prime factors of f?
2, 67, 113
Let l(i) = i**2 + 26*i + 141. Let y be l(-23). What are the prime factors of 14*84*y/108?
2, 7
Suppose u - 12*u + 19899 = 0. Suppose 4*k - 1456 = -4*a + k, 5*a - u = -k. Suppose 5*i + 365 = 2*n - 0*i, -2*n + i = -a. What are the prime factors of n?
2, 3, 5
Suppose 3*u - 4*o = 0, 2*u = -10*o + 8*o + 14. Suppose u*g - 2857 = -5*c, 0 = -c - 2*g + 769 - 200. List the prime factors of c.
3, 191
Suppose -40 = -6*g - 4*g. Suppose g*t + 2*t = 204. Let w = t - -22. List the prime factors of w.
2, 7
Let c = 133 - 118. Let a = -31 + c. What are the prime factors of ((-1132)/a)/(5/4 + -1)?
283
Let a(g) = 3*g - 18. Let r be a(8). Suppose -r*m + 1839 = 87. List the prime factors of m.
2, 73
Let g = 6600 - -5853. What are the prime factors of g?
3, 7, 593
Let k(c) = c**2 + 9*c**3 - 9*c - 4*c**3 + 9*c - 1. Let h be k(1). List the prime factors of 3/15 - (-2 + (-664)/h).
3, 5
Suppose -18 = -4*i + 2. Suppose f + 1 = -3*x + i*f, 4*x - 5*f = 0. Suppose x*y - 127 = -h, h - 2*y - 123 = -3*y. List the prime factors of h.
2, 61
Let v(y) = -y**3 - 10*y**2 - 9*y - 21. Let c be v(-9). Let f = c + 159. Let u = -97 + f. List the prime factors of u.
41
Let a(h) = h**2 - 9*h + 13. Let z be a(7). Let g = 2 - z. Let i(n) = 7*n + 9. What are the prime factors of i(g)?
2, 3, 5
Let r = 15 - 145. What are the prime factors of (228/(-190))/(6/r)?
2, 13
Let h = -174 + 254. Let w be h/44 - (-10)/55. Suppose 0 = 3*k - 5*v - 229, 0 = -5*k + w*v - v + 389. List the prime factors of k.
2, 3, 13
Let b = 29743 + -14080. List the prime factors of b.
3, 23, 227
Let i(c) = -c + 48. Let g be i(44). Suppose -4*x - g*r = -2809 - 1219, x - 1007 = 2*r. List the prime factors of x.
19, 53
Let q(n) = n**3 - 24*n**2 + 41*n + 27. Suppose 0 = -3*s + 98 - 29. What are the prime factors of q(s)?
3, 7
Let t(h) = 69*h**2 + 64*h + 437. List the prime factors of t(-7).
2, 5, 337
Let t = 252 - 172. Let i = -72 + t. Suppose -n - 1127 = -i*n. List the prime factors of n.
7, 23
Suppose -2*z = 3*o - 147310, 2*o + o - 5*z - 147254 = 0. List the prime factors of o.
2, 3, 7, 167
Suppose 0 = 5*s - 3*z - 19714, 0 = -4*s - 3*z + 23526 - 7771. List the prime factors of s.
7, 563
Suppose -984975 = -184*z - 173351. List the prime factors of z.
11, 401
Let b(q) = 1944*q**2 - 65*q - 126. What are the prime factors of b(-2)?
2, 5, 389
Let f be (14/(-8))/((-8)/(-32)) - -2. Let p be 3/(15/f) + -24. List the prime factors of 3/15 - 5520/p.
13, 17
Suppose -d + 2 = -w, -4*d + 14 = -0*w - w. Suppose -d*g - 3*v = -19, 4*v = -0*v - 12. Suppose 4*i = g*i - 12. List the prime factors of i.
2
Suppose 4*h = -s + 44628, 3*s - 65358 - 68526 = -h. List the prime factors of s.
2, 3, 3719
Let n = 131 - 124. What are the prime factors of ((-340)/n)/((-42)/147)?
2, 5, 17
Let v = -46 - 142. Let r = -156 + 102. List the prime factors of (r/24 - -2)/(1/v).
47
Let f be (3 - 4)/(1*2/4). Let t be 4*(-1)/f - (-1 + 1). Suppose -t*n + 17 = -n. What are the prime factors of n?
17
Let y(f) = -2614*f - 739. List the prime factors of y(-3).
7103
Suppose 333*u - 15899 = 320*u. Suppose -2*d - u = -5*d - 5*l, 0 = -3*d - 3*l + 1215. What are the prime factors of d?
401
Let o = -871 + 1719. List the prime factors of -3*o/(-12) - -4.
2, 3
Suppose -874 = -35*k + 37*k. Let u = k + 626. Suppose 6*n - 375 = u. What are the prime factors of n?
2, 47
Let r = 14869 + 5126. What are the prime factors of r?
3, 5, 31, 43
Let f(s) = 2*s**2 - 2*s - 12. Let h be f(-9). Let c be h*(15/10)/3. Suppose c = a - 0*a. What are the prime factors of a?
2, 3, 7
Let g = -118 - -109. Let r(z) = -107*z + 266. What are the prime factors of r(g)?
1229
Let s = -2901 + 9936. What are the prime factors of s?
3, 5, 7, 67
Let m(k) = -k. Let v(g) = -30*g - 10. Let h(f) = 2*m(f) - v(f). Let d be h(8). Let q = 346 - d. List the prime factors of q.
2, 7
S